{"id":7592,"date":"2015-08-26T10:38:43","date_gmt":"2015-08-26T13:38:43","guid":{"rendered":"http:\/\/esterosviajes.tur.ar\/app\/uploads\/hoteles\/el-penon\/Hosteria-El-Pe\u00f1\u00f3n-al-atardecer1.jpg"},"modified":"2015-08-26T10:38:43","modified_gmt":"2015-08-26T13:38:43","slug":"hosteria-el-penon-al-atardecer-2","status":"inherit","type":"attachment","link":"https:\/\/esterosviajes.tur.ar\/es\/hosteria-el-penon-al-atardecer-2\/","title":{"rendered":"Hosteria El Pe\u00f1\u00f3n al atardecer"},"author":2,"comment_status":"open","ping_status":"open","template":"","meta":[],"acf":[],"description":{"rendered":"<p class=\"attachment\"><a href='https:\/\/esterosviajes.tur.ar\/app\/uploads\/hoteles\/el-penon\/Hosteria-El-Pe\u00f1\u00f3n-al-atardecer1.jpg'><img width=\"900\" height=\"540\" src=\"https:\/\/esterosviajes.tur.ar\/app\/uploads\/hoteles\/el-penon\/Hosteria-El-Pe\u00f1\u00f3n-al-atardecer1-900x540.jpg\" class=\"attachment-medium size-medium\" alt=\"\" decoding=\"async\" loading=\"lazy\" \/><\/a><\/p>\n"},"caption":{"rendered":""},"alt_text":"","media_type":"image","mime_type":"image\/jpeg","media_details":{"width":960,"height":540,"file":"hoteles\/el-penon\/Hosteria-El-Pe\u00f1\u00f3n-al-atardecer1.jpg","sizes":{"thumbnail":{"file":"Hosteria-El-Pe\u00f1\u00f3n-al-atardecer1-640x540.jpg","width":640,"height":540,"mime_type":"image\/jpeg","source_url":"https:\/\/esterosviajes.tur.ar\/app\/uploads\/hoteles\/el-penon\/Hosteria-El-Pe\u00f1\u00f3n-al-atardecer1-640x540.jpg"},"medium":{"file":"Hosteria-El-Pe\u00f1\u00f3n-al-atardecer1-900x540.jpg","width":900,"height":540,"mime_type":"image\/jpeg","source_url":"https:\/\/esterosviajes.tur.ar\/app\/uploads\/hoteles\/el-penon\/Hosteria-El-Pe\u00f1\u00f3n-al-atardecer1-900x540.jpg"},"medium_large":{"file":"Hosteria-El-Pe\u00f1\u00f3n-al-atardecer1-768x432.jpg","width":768,"height":432,"mime_type":"image\/jpeg","source_url":"https:\/\/esterosviajes.tur.ar\/app\/uploads\/hoteles\/el-penon\/Hosteria-El-Pe\u00f1\u00f3n-al-atardecer1-768x432.jpg"},"full":{"file":"Hosteria-El-Pe\u00f1\u00f3n-al-atardecer1.jpg","width":960,"height":540,"mime_type":"image\/jpeg","source_url":"https:\/\/esterosviajes.tur.ar\/app\/uploads\/hoteles\/el-penon\/Hosteria-El-Pe\u00f1\u00f3n-al-atardecer1.jpg"}},"image_meta":{"aperture":"0","credit":"","camera":"","caption":"","created_timestamp":"0","copyright":"","focal_length":"0","iso":"0","shutter_speed":"0","title":"","orientation":"0","keywords":[]}},"post":null,"source_url":"https:\/\/esterosviajes.tur.ar\/app\/uploads\/hoteles\/el-penon\/Hosteria-El-Pe\u00f1\u00f3n-al-atardecer1.jpg","_links":{"self":[{"href":"https:\/\/esterosviajes.tur.ar\/es\/wp-json\/wp\/v2\/media\/7592"}],"collection":[{"href":"https:\/\/esterosviajes.tur.ar\/es\/wp-json\/wp\/v2\/media"}],"about":[{"href":"https:\/\/esterosviajes.tur.ar\/es\/wp-json\/wp\/v2\/types\/attachment"}],"author":[{"embeddable":true,"href":"https:\/\/esterosviajes.tur.ar\/es\/wp-json\/wp\/v2\/users\/2"}],"replies":[{"embeddable":true,"href":"https:\/\/esterosviajes.tur.ar\/es\/wp-json\/wp\/v2\/comments?post=7592"}]}}

http://esterosviajes.tur.ar/app/uploads/hoteles/el-penon/Hosteria-El-Peñón-al-atardecer1.jpg

Hosteria El Peñón al atardecer

<p class="attachment"><a href='https://esterosviajes.tur.ar/app/uploads/hoteles/el-penon/Hosteria-El-Peñón-al-atardecer1.jpg'><img width="900" height="540" src="https://esterosviajes.tur.ar/app/uploads/hoteles/el-penon/Hosteria-El-Peñón-al-atardecer1-900x540.jpg" class="attachment-medium size-medium" alt="" decoding="async" loading="lazy" /></a></p>

hoteles/el-penon/Hosteria-El-Peñón-al-atardecer1.jpg

Hosteria-El-Peñón-al-atardecer1-640x540.jpg

https://esterosviajes.tur.ar/app/uploads/hoteles/el-penon/Hosteria-El-Peñón-al-atardecer1-640x540.jpg

Hosteria-El-Peñón-al-atardecer1-900x540.jpg

https://esterosviajes.tur.ar/app/uploads/hoteles/el-penon/Hosteria-El-Peñón-al-atardecer1-900x540.jpg

Hosteria-El-Peñón-al-atardecer1-768x432.jpg

https://esterosviajes.tur.ar/app/uploads/hoteles/el-penon/Hosteria-El-Peñón-al-atardecer1-768x432.jpg

Hosteria-El-Peñón-al-atardecer1.jpg

https://esterosviajes.tur.ar/app/uploads/hoteles/el-penon/Hosteria-El-Peñón-al-atardecer1.jpg
